rime factors of 885/7 - 28/u?
127
Let y = 10 - 10. Let n(w) = -w. Let j be n(y). Suppose -9 = -s - j*s. What are the prime factors of s?
3
Suppose 6*k - 5 = 7. Suppose 0 = -g + k + 17. What are the prime factors of g?
19
Let r(f) = f**3 - 14*f**2 + 16*f + 13. Let p = 8 + 5. List the prime factors of r(p).
2, 13
Suppose r = 2, -5*s - 4*r + 6621 = -r. List the prime factors of s.
3, 7
Let t(q) = q**2 + 13*q - 2. Suppose -4*b - 3*b = 119. What are the prime factors of t(b)?
2, 3, 11
Suppose -6 = -3*y + 4*b, -y - 2*b - 3*b = -2. Suppose y*f + 4 = 32. Suppose 4*w - 10 = -3*h, -11 = -4*h - 3*w + f. What are the prime factors of h?
2, 5
Let z(l) = l**3 + 6*l**2 + 3*l + 2. Let n be z(-6). Let k = 64 + n. What are the prime factors of k?
2, 3
Let w = 224 + 464. Suppose 4*b - 12*b + w = 0. What are the prime factors of b?
2, 43
Suppose -10*i - 4*i = 0. Suppose 4*r - 476 + 44 = i. List the prime factors of r.
2, 3
Suppose 2*l - 2210 = -3*l - q, 25 = -5*q. What are the prime factors of l?
443
What are the prime factors of (-42)/(-1)*2442/259?
2, 3, 11
Let v be 2/(-6)*1 - (-2)/6. Suppose v = k - 32 - 248. List the prime factors of k.
2, 5, 7
Suppose 2*f = -3*z + 371, 16*z = 5*f + 12*z - 939. List the prime factors of f.
11, 17
Let z(a) = -a**2 + 12*a - 8. Let g be z(10). Let h = g - 19. Let p(r) = -3*r - 10. What are the prime factors of p(h)?
11
Let c be (-5)/(-3) - (-3)/9. Suppose c*y - 4*y + 58 = 0. What are the prime factors of y?
29
Let g = 567 - 215. What are the prime factors of g?
2, 11
Suppose 4*p - 40 = -4*p. Suppose 5*x = p*s - 300, 2*s + 0*x - 120 = 4*x. Let a = s + -42. List the prime factors of a.
2, 3
Let q be -1*4/(-4) + (0 - 76). What are the prime factors of (-45)/q + (-47)/5*-1?
2, 5
Let w(y) = y**2 - y - 17. Let x be w(5). Suppose 528 = 3*q - 2*l, -x*q + 3*l + 525 = -0*q. What are the prime factors of q?
2, 89
Let z(g) = -27*g**2 + 13*g**2 + 6*g + 5 + 15*g**2. Let n be z(-5). Suppose n = 5*w - 26 - 14. What are the prime factors of w?
2
Let n(y) be the third derivative of -y**6/120 + 7*y**5/30 + 13*y**4/24 - 41*y**3/6 - 2*y**2 + 4. List the prime factors of n(13).
3, 11
Let a(n) = 4*n + 155. List the prime factors of a(49).
3, 13
Let o = -30 - -103. Let g = 164 - o. List the prime factors of g.
7, 13
Let x = -1075 - -2210. List the prime factors of x.
5, 227
Suppose -1722 = -5*j + 228. Suppose -9*p + j = -222. What are the prime factors of p?
2, 17
Suppose 13 = 6*w - 71. Suppose -w*o = -15*o + 132. List the prime factors of o.
2, 3, 11
Suppose -42 - 18 = -12*b. Suppose -j - 4*k - 3 = 0, 2*j + b*k - 49 = 8*k. List the prime factors of j.
17
Let r(t) = 11*t**2 + 8*t + 5. Let d(c) = 4*c**2 + 3*c + 2. Let v(l) = -8*d(l) + 3*r(l). Suppose 6*b - 5 - 25 = 0. What are the prime factors of v(b)?
2, 3
Suppose 0 = 3*i - 326 - 397. List the prime factors of i.
241
Suppose 5*o - 4*i - 16 = 0, i + 3 + 0 = o. Let q = -12 - o. List the prime factors of (-4)/q + (-150)/(-8).
19
Suppose 3*y - 3*c - 9096 = 0, 8*y + 6080 = 10*y + 2*c. List the prime factors of y.
2, 3, 11, 23
Suppose -3*t = -l + 2 + 143, l - 193 = 4*t. Let m = t - -100. Suppose m = 2*k + 6. What are the prime factors of k?
23
Suppose 33 - 18 = 5*s. List the prime factors of (109/3)/(s/9).
109
Let p be (-9)/((-72)/(-20))*8/(-10). Suppose m = p*f - 195, f - 5*m - 405 = -3*f. List the prime factors of f.
5, 19
Let v(m) be the third derivative of m**7/420 + m**6/240 + m**5/12 - 6*m**2. Let k(p) be the third derivative of v(p). List the prime factors of k(2).
3
Let d(m) = -10*m - 9. Let i be d(-1). Suppose 3*x - 3*u = 15, x + i = 2*u + 7. List the prime factors of x.
2
Suppose -25 - 11 = -2*j. Suppose j*h - 14*h - 392 = 0. List the prime factors of h.
2, 7
Let d(a) = -a**3 - 7*a**2 + 12*a - 8. Let b be d(-9). Suppose 43*i = b*i - 45. List the prime factors of i.
3, 5
Suppose 51*g - 99798 = 106905. List the prime factors of g.
3, 7, 193
Let t(f) = 9*f**2 - 7*f - 5. Let u be t(-5). Let z = u - 148. List the prime factors of z.
107
Let w(z) = -44*z**3 + 7*z**2 - 3*z - 4. What are the prime factors of w(-4)?
2, 367
Suppose -18*h + 16080 = -21720. List the prime factors of h.
2, 3, 5, 7
Suppose 32*a + 2836 = 19028. What are the prime factors of a?
2, 11, 23
Let w be ((-1)/2)/(4/(-144)). Suppose 3*b + 6 = -2*j + 5*b, -2*j - w = -5*b. Let i(q) = 52*q**2 - q + 2. List the prime factors of i(j).
53
Let g = -6 + 2. Let l = -2 - g. Suppose 0 = -y + 34 + l. List the prime factors of y.
2, 3
Suppose 0 = 4*j - 4*o - 536, -4*o = -j - 0*o + 149. List the prime factors of j.
3, 43
Let y(j) = 6*j**2 + 102*j + 47. What are the prime factors of y(-20)?
11, 37
What are the prime factors of 2/1 + 28523/99*9?
3, 5, 173
Let q(d) = 990*d**2 - 14*d - 26. List the prime factors of q(-2).
2, 7, 283
Let s be 6/(-15) - 1754/(-10). Let k = -103 + s. List the prime factors of k.
2, 3
Let n(k) = 9*k**2 + k**2 + 3*k - 9*k**2 + 17. What are the prime factors of n(0)?
17
Let a(m) = 70*m + 6. Let l be a(9). Suppose 3*r - l = -0*r. What are the prime factors of r?
2, 53
Let a(d) = -2*d**2 - 98*d + 31. List the prime factors of a(-49).
31
What are the prime factors of (-752)/(-1)*1/2?
2, 47
Let w be (1/(-2))/((-1)/12). Let l = 31 + w. What are the prime factors of l?
37
Suppose 2*f = 4*f - 5*y - 18, -5*f + 3*y + 26 = 0. Suppose -212 = -4*g - f*b, -g + 230 = 4*g - 2*b. What are the prime factors of g?
2, 3
Let d(z) = z**3 - 5*z**2 + 4*z - 15. What are the prime factors of d(7)?
3, 37
Let n = 16 - 24. Let k be (-116)/n - (-2)/4. Let y = k - -18. What are the prime factors of y?
3, 11
Let s(h) = 2*h**2 - 22*h + 23. Let v be s(10). Suppose v*z + 2*y - 697 = 0, -2*y - 1161 = -5*z - 5*y. What are the prime factors of z?
3, 7, 11
Let f(y) = y**3 + 4*y**2 - 5. Let p be f(-4). Let g = p - -3. List the prime factors of g*(-4)/(-4) - -26.
2, 3
Let d = -10775 - -15679. What are the prime factors of d?
2, 613
Suppose -10*n + 6*n + 40 = 0. Suppose n*v - 128 = 8*v. What are the prime factors of v?
2
Let v(l) = -47*l + 48*l + 2 + 4*l**2 - 1. List the prime factors of v(-4).
61
Let p(m) = m**2 + 13*m + 3. Let x be p(-13). Suppose 4*s = 4*v - 18 + 130, -2*s = x*v - 81. List the prime factors of s.
3, 11
Let n(r) = 120*r - 566. What are the prime factors of n(29)?
2, 31, 47
Suppose 1268 + 916 = 12*v. List the prime factors of v.
2, 7, 13
Suppose 3*w + 24 = 2*p - w, w = -4*p + 48. List the prime factors of (p/8)/((-6)/20)*-5.
5
Let z be (-4)/(-6)*(12/2 + -21). Let a(f) be the third derivative of f**5/60 + f**4/4 - 2*f**3 - 2*f**2. What are the prime factors of a(z)?
2, 7
Suppose 0*a = 3*a - 234. Suppose -u = 2*u - a. List the prime factors of u.
2, 13
Let o = -165 - -45. Let w = o - -318. What are the prime factors of w?
2, 3, 11
Let y(c) = -710*c - 2. What are the prime factors of y(-1)?
2, 3, 59
Let g(r) = -r**3 - 21*r**2 - 18*r + 9. Let d(m) = -m**3 - 22*m**2 - 17*m + 8. Let p(x) = -5*d(x) + 6*g(x). List the prime factors of p(-15).
2, 67
Let j(c) be the third derivative of 0*c + 5*c**2 + c**3 + 0 + 1/6*c**4. List the prime factors of j(7).
2, 17
Let f(h) = -h**3 + 23*h**2 + 13*h - 64. List the prime factors of f(21).
1091
Let f(i) = -3*i + 32. Let d(j) = -4*j + 32. Let l(h) = -2*d(h) + 3*f(h). What are the prime factors of l(0)?
2
Suppose 9 = 5*v + 2*r + r, 3*v + 5*r - 15 = 0. Suppose -3*n - 2*n + 525 = v. What are the prime factors of n?
3, 5, 7
List the prime factors of (5*91/105)/(2/228).
2, 13, 19
Suppose -4*b - 2*a + 942 = 0, 19*b - 5*a = 14*b + 1215. List the prime factors of b.
2, 7, 17
Let z(h) = 0*h + h**3 - 3*h**2 + 11*h**2 - 8 - 5*h + 0*h. List the prime factors of z(-8).
2
Let m(p) = p**2 - 1. Let y be m(-1). Let n be 4 + (-3 - (y - 1)). Suppose 5*j - 131 = -a, 22 = j + n*a + 3. List the prime factors of j.
3
Let t = 174 - 106. What are the prime factors of t?
2, 17
List the prime factors of (-421)/2*(-24 + 14).
5, 421
Suppose -n - 3*g = -897, -563 = -n + 5*g + 342. What are the prime factors of n/14 + 12/(-42)?
2
Let b(w) = w**2 + 20*w - 2. Let o(f) = 4*f**2 + 80*f - 8. Let t(v) = 9*b(v) - 2*o(v). Let a be t(-11). What are the prime factors of a/(-11) + (-16)/88?
3
Let d be 1 + 108 + (18/3 - 3). List the prime factors of ((-3)/2 - -2)*d/1.
2, 7
Let m = -16 - -23. Suppose -25 = 2*s - m*s. Suppose 2*y - s = 3. List the prime factors